 g(5) is divided by o?
4
Let m be ((-2)/(-4))/(-1)*2. Let h = 1 - m. Suppose -24*p + 49*p - 23 - 227 = 0. What is the remainder when p is divided by h?
0
Suppose 188 = -27*h - 1. What is the remainder when (242/(-2))/(-1) + h is divided by 34?
12
Suppose 14*q - 39*q = -15800. Let n = q - 565. What is the remainder when 146 is divided by n?
12
Let u = 453 + -237. Calculate the remainder when u is divided by 144.
72
Let q(l) = -237*l + 10. Let u(i) = -i**3 - 17*i**2 - 19*i - 21. Calculate the remainder when u(-16) is divided by q(0).
7
Suppose -o + 3*w + 14 = 0, 3*o - 8 = -4*w - 5. Suppose n = -r + o*n + 43, 5*n - 197 = -3*r. Calculate the remainder when 128 is divided by r.
10
Let x(t) = 15*t**2 + 154*t + 594. What is the remainder when x(-4) is divided by 211?
7
Let c = 3 + 4. Let m(k) = k**3 + 3*k**2 + 9*k + 14. Let q be m(-5). Let l = q + 90. Calculate the remainder when l is divided by c.
2
Let k(v) = -5*v - 20. Let t be k(-9). Let f = t + -23. Suppose u - z = 10, 2*u + f*z - 45 = -z. Calculate the remainder when 39 is divided by u.
9
Let y(h) = h**2 + 25*h - 36. Let o be y(-26). Let j(w) = -w**2 - 17*w - 45. What is the remainder when j(o) is divided by 14?
11
Suppose 186*p + 12*p - 9702 = 0. Calculate the remainder when 131 is divided by p.
33
Suppose 9*k - 730 = 521. Let y = k + -105. Suppose -2*c = -5*c + 195. What is the remainder when c is divided by y?
31
Let x = -1168 + 1529. Calculate the remainder when x is divided by 73.
69
Let o = 1038 + -612. Let j = o - 385. Calculate the remainder when 100 is divided by j.
18
Let b(x) = 3*x - 2. Let k(w) = -9*w + 6. Let m(s) = 7*b(s) + 2*k(s). Let j be m(0). What is the remainder when 89 + 5/(j - -7) is divided by 23?
21
Suppose -2 = -4*y - g + 3, -5*g - 7 = 4*y. Let o be 1/(((-3)/21)/(2 - 1)). Calculate the remainder when y/o + (-200)/(-14) is divided by 2.
0
Suppose 1717 + 2798 + 121 = 244*z. What is the remainder when 2140 is divided by z?
12
Suppose -p - 40 = -6*p. Suppose -3 = 3*w, 6*n - 10*n + 179 = w. What is the remainder when n is divided by p?
5
Suppose -30*k = -22*k + 56. What is the remainder when k/14*(-7)/(14/1604) is divided by 31?
29
Let t be (644/12)/((-1)/(-3)). Suppose 0 = -3*u - 2*a + 149, -5*a = 5*u - 2*u - t. What is the remainder when u is divided by 13?
8
Let a = -64 - -68. Suppose -a*l = -2*u + 52, -12 = -l - 3*l. Let c = -10 - -27. What is the remainder when u is divided by c?
15
Let j(m) = -18*m + 38. Let d(t) = -2*t - 1. Let v(s) = 5*d(s) - j(s). What is the remainder when v(17) is divided by 32?
29
Suppose -25 = -5*k + 4*h, k - 2*k + 3*h + 5 = 0. Suppose 5*r = 3*n - 93, k*r - 37 = -2*n - 0*n. Calculate the remainder when 9 is divided by n/4 + (-11)/22.
3
Suppose 5*l - 4*w = 181, -143*w + 148*w - 42 = -l. What is the remainder when 214 is divided by l?
29
Suppose p = 2*j + 311, 0*j - 454 = 3*j + p. Let y = j - -323. Suppose 0 = -4*b - 6*b + y. What is the remainder when 33 is divided by b?
16
Let v(b) = -b**3 - 7*b**2 + 109*b + 847. What is the remainder when v(-9) is divided by -1 + 23 + 1/(-1)?
7
Calculate the remainder when ((-2 - -1105)/1)/(-17 - -1 - -17) is divided by 59.
41
Suppose -5*g + 2*q = -1678, 99*q = 3*g + 103*q - 1038. What is the remainder when g is divided by 137?
64
Suppose -2*f + 4 = 0, 166*d - 161*d - 47 = -f. Calculate the remainder when (-3)/((-9)/52)*3 is divided by d.
7
Suppose -4*b = -2*x - 1802, -19*x = -15*x + 20. Calculate the remainder when b is divided by 9.
7
Let h(q) = q**2 + 4*q + 8. Suppose 2*c + 5*a = -9 - 13, -3*c = -a + 16. Let f = -248 + 261. What is the remainder when h(c) is divided by f?
7
Suppose 0 = 4*k + 135 - 51. Let q be (-77)/k + -4 + (-238)/6. Let w = 174 + q. Calculate the remainder when w is divided by 45.
44
Let s(i) = -9*i**2 + 206*i - 25. Calculate the remainder when 448 is divided by s(22).
146
Let x(w) = -w**3 - 27*w**2 - 177*w - 95. Calculate the remainder when x(-18) is divided by (-392)/(-18) + 6/27.
21
Calculate the remainder when ((-370)/(-7))/((-2478)/196 + 13) is divided by 82*2*2/8.
25
Let v = 2 - -5. Let j be 1*2*(v + -5 + -14). Calculate the remainder when 33 is divided by (-10 - -9)/(2/j).
9
Let w = -14576 - -14814. Calculate the remainder when 613 is divided by w.
137
Let d = 777 + -484. Suppose -5*q + 3*s = -d, q + s = -4*s + 81. Let r(f) = 3*f - 5. Calculate the remainder when q is divided by r(6).
9
Let f(d) = 0*d**2 + 165 + 7*d - 132 + 3*d**2 - 2*d**2 + 9*d. Calculate the remainder when f(9) is divided by 73.
39
Let s(n) be the third derivative of -n**6/60 + 3*n**5/10 - 9*n**4/8 + 17*n**3/6 - 259*n**2. What is the remainder when s(7) is divided by 9?
6
Let q(z) = -9*z + 1. Let f = 64 - 44. Suppose 6*u - u = -f. Calculate the remainder when q(u) is divided by 19.
18
Let q(j) = -2*j**2 - 98*j - 632. What is the remainder when 92 is divided by q(-8)?
20
Calculate the remainder when 333 is divided by (-3)/((-12)/2440*2).
28
Suppose 4*b - 550 = 5*o + 673, -1243 = -4*b + o. Suppose 2*n = -10*n + b. Calculate the remainder when n is divided by 5.
1
Let t = -50 + 75. Let q(n) = -94*n - 794. Calculate the remainder when q(-10) is divided by t.
21
Suppose 22 = 4*n + 2*d, -n + d = 3*n - 13. Let b(m) = m**2 + 24*m + 134. Calculate the remainder when b(-6) is divided by n.
2
Let v(d) = d**2 - 12*d - 31. Suppose -4*k + 6*k + 14 = 0. Let i be v(k). Let l = -67 + i. Calculate the remainder when 138 is divided by l.
33
Calculate the remainder when 116 is divided by 2/(-4) - (-247)/13*132/24.
12
Let o be ((-15308)/(-445))/((-1)/20). Let b = o + 709. Calculate the remainder when 23 is divided by b.
2
Let r(f) = 7*f - 32. Let q be r(16). Suppose 2*t = v - 138 - q, 3*v + 2*t - 614 = 0. What is the remainder when v is divided by 70?
68
Let f be 3 - (-8 + 1 - -3). Suppose -f*m - 26 + 117 = 0. What is the remainder when 308 is divided by m?
9
Suppose 0 = 4*f + 4*t - 76, -4*t + 34 = 3*f - 21. What is the remainder when 7285 is divided by f?
19
Let c(p) = 2*p**2 + 10*p - 1. Let a(l) = 22*l - 718. Calculate the remainder when c(-9) is divided by a(34).
11
Suppose 456 = -f + 124. Let g = 364 + f. What is the remainder when 350 is divided by g?
30
Let v = -378 - -193. Let h = -175 - v. Calculate the remainder when 117 is divided by h.
7
Let s = -10318 - -10346. Calculate the remainder when 894 is divided by s.
26
Let l(s) = -s**2 + 7*s - 10. Let k be l(3). Let o(m) = -1 + 0*m - 6*m + 3*m**k + 3*m + m. Calculate the remainder when o(-1) is divided by 1.
0
Let s(w) = w**3 - 24*w**2 - 30*w + 252. What is the remainder when s(25) is divided by (48/20)/(1/10)?
7
Suppose -629*h + 634*h = 85. Let l = -18 - -20. What is the remainder when (-66)/1*(l + -3) is divided by h?
15
Suppose -3*n + 22 = -2*r, 0*r = 4*n + 2*r - 6. Suppose -42 = n*l - 18. Calculate the remainder when l/8*(7 + -3) + 7 is divided by 2.
0
Suppose -x - 43 = -2*x. Suppose 93*v - 21*v - 99 = 63*v. What is the remainder when x is divided by v?
10
Let a = 78 - 50. What is the remainder when (-7 + 9/((-144)/(-104)))/((-3)/492) is divided by a?
26
Let i = 149681 - 149428. Suppose -4*s + 306 + 34 = 0. Calculate the remainder when i is divided by s.
83
Suppose -41814 = -33*q - 98*q + 30*q. Calculate the remainder when q is divided by 204.
6
Let x(u) = 263*u**2 + 5*u + 1. Calculate the remainder when x(-1) is divided by 33.
28
Suppose 5420 = 40*z - 2100. What is the remainder when 3567 is divided by z?
183
Suppose -15*h - 1225 = 20*h. What is the remainder when 6*((-28)/h - (-458)/15) is divided by 27?
26
Let s = 115 - 107. Suppose s*d - 1277 = -141. Suppose -3*i + d - 10 = 0. What is the remainder when i is divided by 12?
8
Suppose -5*k + 24*u = 22*u - 61, 0 = 4*k + 3*u - 12. Calculate the remainder when 134 is divided by k.
8
Let u(c) = 100*c + 95. Calculate the remainder when u(0) is divided by 12.
11
Let j = 944 + -921. Let x = -44 - -241. Calculate the remainder when x is divided by j.
13
Let m(w) = -6 - 53 + 3139*w - 3148*w. Calculate the remainder when 311 is divided by m(-8).
12
What is the remainder when (-120)/(-18)*(-3051)/(-18) is divided by 13?
12
Let s be 496/217 - (18/14 - 1). Suppose 48 = 10*i + s*i. Suppose 0 = i*g - g - 66. Calculate the remainder when g is divided by 12.
10
Suppose -4*t + 0*t + 4750 = -3*k, -5*t = 3*k - 5897. What is the remainder